test common factor of 90 and 60540?
30
What is the highest common factor of 474585 and 435?
435
What is the highest common factor of 22 and 2067857?
11
Calculate the greatest common divisor of 396 and 25839.
99
Calculate the greatest common factor of 429 and 18603.
39
Calculate the greatest common factor of 177 and 3363.
177
Calculate the highest common factor of 1655 and 5.
5
What is the greatest common factor of 70 and 31276?
14
What is the highest common factor of 64 and 7352?
8
What is the highest common divisor of 5 and 540870?
5
What is the greatest common factor of 189 and 1020642?
21
Calculate the highest common factor of 620826 and 6.
6
What is the greatest common divisor of 1884 and 3324?
12
What is the greatest common divisor of 5538 and 66669?
213
Calculate the highest common divisor of 60006 and 584.
146
What is the greatest common divisor of 654212 and 1196?
1196
Calculate the highest common factor of 732 and 108092.
244
Calculate the highest common divisor of 408 and 2108.
68
What is the highest common divisor of 11736 and 333?
9
Calculate the highest common factor of 1484 and 28.
28
What is the highest common divisor of 675 and 2540?
5
What is the highest common factor of 25407 and 117?
9
Calculate the highest common factor of 1027061 and 217.
217
Calculate the greatest common divisor of 580 and 117740.
580
Calculate the greatest common factor of 249 and 71131.
83
Calculate the greatest common divisor of 27357 and 462.
33
What is the highest common factor of 55 and 285263?
11
Calculate the highest common factor of 1053 and 791037.
117
What is the highest common divisor of 244446 and 42444?
786
What is the highest common factor of 463556 and 289?
289
Calculate the highest common factor of 45424 and 4.
4
Calculate the greatest common factor of 73060 and 1300.
260
What is the highest common factor of 3250170 and 63?
63
Calculate the greatest common factor of 1780 and 15.
5
What is the greatest common factor of 19023 and 255?
51
Calculate the highest common divisor of 41 and 85649.
41
What is the highest common divisor of 5143 and 973?
139
What is the highest common factor of 10 and 361610?
10
What is the highest common divisor of 5400 and 9400?
200
What is the greatest common divisor of 22202 and 119?
17
What is the highest common factor of 23571 and 5832?
243
What is the highest common divisor of 2023287 and 21?
21
Calculate the highest common divisor of 643264 and 13248.
1472
Calculate the highest common factor of 87 and 443.
1
What is the highest common factor of 614 and 1014?
2
What is the highest common divisor of 18 and 955566?
18
What is the greatest common factor of 2743380 and 720?
180
What is the greatest common factor of 8 and 2295928?
8
What is the highest common divisor of 98642 and 1247?
43
What is the greatest common divisor of 360 and 40200?
120
What is the greatest common factor of 17523 and 10989?
297
What is the highest common divisor of 12 and 7853052?
12
What is the highest common divisor of 4735 and 45?
5
Calculate the highest common factor of 5355 and 328950.
765
Calculate the highest common factor of 81076 and 4.
4
Calculate the greatest common divisor of 26544 and 4503.
237
What is the highest common divisor of 297 and 132?
33
Calculate the highest common factor of 1752 and 2376.
24
Calculate the highest common factor of 4414277 and 959.
959
What is the greatest common divisor of 157420 and 1088?
68
Calculate the highest common factor of 17152 and 1306768.
1072
What is the greatest common factor of 210 and 115110?
30
What is the greatest common divisor of 162 and 173?
1
Calculate the highest common factor of 49023 and 5382.
117
Calculate the greatest common divisor of 1285 and 199689.
257
Calculate the greatest common divisor of 2880 and 2790.
90
What is the highest common divisor of 16022113 and 139?
139
What is the greatest common factor of 115124 and 68?
68
What is the highest common divisor of 84416 and 64?
64
What is the highest common divisor of 67519 and 6275?
251
Calculate the highest common divisor of 17196 and 64.
4
Calculate the greatest common divisor of 1304 and 239284.
652
Calculate the greatest common divisor of 322551 and 117.
9
What is the greatest common factor of 1334427 and 3116?
779
Calculate the highest common divisor of 368 and 5.
1
Calculate the greatest common factor of 73051 and 58.
29
Calculate the highest common factor of 126768 and 60.
12
Calculate the greatest common factor of 395 and 104517.
79
What is the highest common divisor of 68924 and 4?
4
What is the highest common divisor of 1028 and 108711?
257
What is the greatest common factor of 1278 and 19880?
142
Calculate the greatest common factor of 387 and 1557.
9
What is the highest common divisor of 263539 and 211?
211
Calculate the highest common divisor of 21709 and 187.
17
What is the greatest common divisor of 1547 and 101626?
119
Calculate the highest common factor of 88 and 66462.
22
What is the highest common divisor of 556 and 56573?
139
Calculate the highest common divisor of 5770428 and 3180.
636
What is the greatest common divisor of 720 and 137040?
240
Calculate the highest common divisor of 2781 and 36771.
309
Calculate the highest common factor of 22 and 338052.
22
What is the greatest common divisor of 293 and 27?
1
What is the highest common factor of 3 and 47621?
1
Calculate the highest common factor of 2919 and 12.
3
What is the greatest common factor of 577524 and 1?
1
What is the highest common divisor of 1111 and 24904?
11
Calculate the highest common factor of 300 and 410145.
15
What is the highest common divisor of 856 and 2536?
8
Calculate the highest common factor of 75 and 171390.
15
What is the greatest common factor of 534 and 118281?
267
What is the highest common divisor of 164 and 11644?
164
What is the highest common divisor of 42469 and 140?
7
What is the highest common factor of 123 and 399?
3
What is the greatest common divisor of 114 and 11478?
6
Calculate the highest common divisor of 256751 and 2057.
187
What is the highest common factor of 190933 and 886?
443
What is the greatest common factor of 329 and 2793?
7
What is the greatest common divisor of 1820 and 3290?
70
Calculate the highest common divisor of 846 and 79101.
423
Calculate the greatest common factor of 300 and 27925.
25
What is the greatest common divisor of 3463870 and 776?
194
Calculate the highest common factor of 1122 and 14331.
51
Calculate the greatest common divisor of 7315 and 280.
35
What is the greatest common factor of 10 and 7955?
5
What is the greatest common divisor of 4592 and 5488?
112
Calculate the greatest common divisor of 1264 and 37328.
16
What is the highest common factor of 114 and 331987?
19
What is the highest common divisor of 45738 and 28?
14
Calculate the greatest common divisor of 82924 and 4.
4
What is the greatest common divisor of 9672 and 26412?
372
What is the highest common factor of 2880 and 28960?
160
Calculate the highest common divisor of 30 and 1285974.
6
Calculate the highest common divisor of 219 and 427561.
73
Calculate the highest common factor of 1080 and 280.
40
What is the greatest common factor of 7191 and 3961?
17
What is the highest common factor of 2257350 and 100?
50
Calculate the greatest common divisor of 44528 and 121.
121
Calculate the greatest common divisor of 627280 and 80.
80
What is the greatest common divisor of 381 and 7887081?
381
What is the highest common divisor of 1024976 and 87?
29
Calculate the greatest common factor of 11534 and 1896.
158
What is the greatest common factor of 133 and 5131?
7
Calculate the greatest common divisor of 2358 and 8982.
18
Calculate the greatest common factor of 32 and 461024.
32
Calculate the greatest common divisor of 99 and 18839502.
99
What is the greatest common divisor of 32 and 16166?
2
What is the greatest common factor of 146558 and 18034?
254
Calculate the highest common factor of 570 and 569620.
190
What is the greatest common divisor of 188063 and 1525?
61
What is the greatest common factor of 1760 and 4202?
22
Calculate the highest common factor of 168 and 4940040.
168
Calculate the greatest common divisor of 208 and 61136.
16
Calculate the highest common divisor of 6 and 2854794.
6
What is the highest comm